factors of 25529.
7, 521
What are the prime factors of 71?
71
What are the prime factors of 149425?
5, 43, 139
What are the prime factors of 19473?
3, 6491
List the prime factors of 413.
7, 59
List the prime factors of 567.
3, 7
What are the prime factors of 10322?
2, 13, 397
List the prime factors of 30629.
109, 281
What are the prime factors of 8939?
7, 1277
List the prime factors of 38214.
2, 3, 11, 193
List the prime factors of 135690.
2, 3, 5, 4523
What are the prime factors of 1035?
3, 5, 23
What are the prime factors of 739?
739
List the prime factors of 16171.
103, 157
List the prime factors of 10528.
2, 7, 47
List the prime factors of 101083.
271, 373
List the prime factors of 1558.
2, 19, 41
List the prime factors of 2379.
3, 13, 61
List the prime factors of 7071.
3, 2357
What are the prime factors of 1695?
3, 5, 113
What are the prime factors of 488?
2, 61
What are the prime factors of 24858?
2, 3, 1381
List the prime factors of 2361.
3, 787
What are the prime factors of 170?
2, 5, 17
What are the prime factors of 31184?
2, 1949
List the prime factors of 117440.
2, 5, 367
What are the prime factors of 3122?
2, 7, 223
List the prime factors of 382.
2, 191
List the prime factors of 6898.
2, 3449
List the prime factors of 7392.
2, 3, 7, 11
List the prime factors of 7423.
13, 571
What are the prime factors of 304?
2, 19
What are the prime factors of 109447?
13, 8419
List the prime factors of 687.
3, 229
List the prime factors of 3501.
3, 389
List the prime factors of 414.
2, 3, 23
List the prime factors of 12798.
2, 3, 79
List the prime factors of 1304.
2, 163
What are the prime factors of 4118?
2, 29, 71
List the prime factors of 1228.
2, 307
What are the prime factors of 14374?
2, 7187
What are the prime factors of 61820?
2, 5, 11, 281
What are the prime factors of 86665?
5, 17333
List the prime factors of 27086.
2, 29, 467
What are the prime factors of 1894?
2, 947
List the prime factors of 8179.
8179
List the prime factors of 24537.
3, 8179
What are the prime factors of 7473?
3, 47, 53
What are the prime factors of 28540?
2, 5, 1427
What are the prime factors of 5618?
2, 53
What are the prime factors of 1250?
2, 5
List the prime factors of 36233.
19, 1907
What are the prime factors of 49624?
2, 6203
What are the prime factors of 12784?
2, 17, 47
List the prime factors of 67138.
2, 33569
What are the prime factors of 220?
2, 5, 11
List the prime factors of 9460.
2, 5, 11, 43
List the prime factors of 6077.
59, 103
What are the prime factors of 2438?
2, 23, 53
What are the prime factors of 1773?
3, 197
What are the prime factors of 4535?
5, 907
List the prime factors of 111.
3, 37
List the prime factors of 38374.
2, 7, 2741
List the prime factors of 3722.
2, 1861
What are the prime factors of 14813?
14813
What are the prime factors of 8463?
3, 7, 13, 31
List the prime factors of 855.
3, 5, 19
List the prime factors of 2978.
2, 1489
List the prime factors of 486.
2, 3
List the prime factors of 12693.
3, 4231
What are the prime factors of 4300?
2, 5, 43
List the prime factors of 1128.
2, 3, 47
What are the prime factors of 4874?
2, 2437
What are the prime factors of 1379?
7, 197
List the prime factors of 10260.
2, 3, 5, 19
What are the prime factors of 2466?
2, 3, 137
What are the prime factors of 5196?
2, 3, 433
What are the prime factors of 71801?
19, 3779
List the prime factors of 3551.
53, 67
What are the prime factors of 326?
2, 163
What are the prime factors of 5623?
5623
List the prime factors of 25309.
25309
What are the prime factors of 3626?
2, 7, 37
What are the prime factors of 383?
383
What are the prime factors of 6902?
2, 7, 17, 29
List the prime factors of 53182.
2, 26591
List the prime factors of 3685.
5, 11, 67
List the prime factors of 9495.
3, 5, 211
List the prime factors of 9434.
2, 53, 89
List the prime factors of 252.
2, 3, 7
List the prime factors of 6081.
3, 2027
List the prime factors of 23741.
23741
What are the prime factors of 15368?
2, 17, 113
List the prime factors of 15686.
2, 11, 23, 31
List the prime factors of 11330.
2, 5, 11, 103
List the prime factors of 1540.
2, 5, 7, 11
List the prime factors of 1199.
11, 109
List the prime factors of 7763.
7, 1109
What are the prime factors of 57062?
2, 103, 277
List the prime factors of 3684.
2, 3, 307
What are the prime factors of 16736?
2, 523
List the prime factors of 542.
2, 271
List the prime factors of 20975.
5, 839
What are the prime factors of 50503?
50503
List the prime factors of 23379.
3, 7793
List the prime factors of 72586.
2, 36293
List the prime factors of 6326.
2, 3163
List the prime factors of 23897.
23, 1039
What are the prime factors of 6406?
2, 3203
List the prime factors of 38966.
2, 19483
List the prime factors of 17941.
7, 11, 233
List the prime factors of 37633.
37633
List the prime factors of 57972.
2, 3, 4831
List the prime factors of 14570.
2, 5, 31, 47
What are the prime factors of 830?
2, 5, 83
List the prime factors of 7853.
7853
What are the prime factors of 5999?
7, 857
List the prime factors of 666.
2, 3, 37
List the prime factors of 82108.
2, 13, 1579
List the prime factors of 1061.
1061
What are the prime factors of 1834?
2, 7, 131
List the prime factors of 17436.
2, 3, 1453
List the prime factors of 4692.
2, 3, 17, 23
What are the prime factors of 7261?
53, 137
What are the prime factors of 16680?
2, 3, 5, 139
List the prime factors of 18912.
2, 3, 197
What are the prime factors of 27039?
3, 9013
List the prime factors of 1704.
2, 3, 71
List the prime factors of 4247.
31, 137
List the prime factors of 384.
2, 3
What are the prime factors of 252?
2, 3, 7
What are the prime factors of 3232?
2, 101
List the prime factors of 22610.
2, 5, 7, 17, 19
List the prime factors of 11851.
7, 1693
List the prime factors of 4248.
2, 3, 59
What are the prime factors of 984?
2, 3, 41
List the prime factors of 57594.
2, 3, 29, 331
What are the prime factors of 18662?
2, 7, 31, 43
List the prime factors of 39514.
2, 23, 859
What are the prime factors of 1302?
2, 3, 7, 31
List the prime factors of 1142.
2, 571
What are the prime factors of 23305?
5, 59, 79
What are the prime factors of 9163?
7, 11, 17
List the prime factors of 76157.
76157
What are the prime factors of 1138?
2, 569
List the prime factors of 4345.
5, 11, 79
List the prime factors of 1495.
5, 13, 23
List the prime factors of 1658.
2, 829
List the prime factors of 12617.
11, 31, 37
What are the prime factors of 7322?
2, 7, 523
List the prime factors of 70803.
3, 7867
List the prime factors of 63138.
2, 3, 17, 619
What are the prime factors of 1625?
5, 13
List the prime factors of 469.
7, 67
List the prime factors of 653.
653
List the prime factors of 31497.
3, 10499
List the prime factors of 6135.
3, 5, 409
What are the prime factors of 48015?
3, 5, 11, 97
List the prime factors of 2014.
2, 19, 53
What are the prime factors of 2385?
3, 5, 53
What are the prime factors of 145?
5, 29
List the prime factors of 3313.
3313
What are the prime factors of 16408?
2, 7, 293
List the prime factors of 344.
2, 43
What are the prime factors of 36?
2, 3
List the prime factors of 4465.
5, 19, 47
List the prime factors of 61710.
2, 3, 5, 11, 17
List the prime factors of 8208.
2, 3, 19
List the prime factors of 63714.
2, 3, 7, 37, 41
What are the prime factors of 2193?
3, 17, 43
What are the prime factors of 425?
5, 17
What are the prime factors of 49855?
5, 13, 59
What are the prime factors of 179164?
2, 47, 953
What are the prime factors of 2327?
13, 179
List the prime factors of 2078.
2, 1039
List the prime factors of 7159.
7159
List the prime factors of 7621.
7621
What are the prime factors of 776?
2, 97
List the prime factors of 56104.
2, 7013
What are the prime factors of 85520?
2, 5, 1069
List the prime factors of 2015.
5, 13, 31
What are the prime factors of 136249?
19, 71, 101
What are the prime factors of 37409?
37409
What are the prime factors of 12364?
2, 11, 281
List the prime factors of 147.
3, 7
List the prime factors of 67298.
2, 7, 11, 19, 23
List the prime factors of 4138.
2, 2069
What are the prime factors of 772?
2, 193
What are the prime factors of 78675?
3, 5, 1049
List the prime factors of 1879.
1879
List the prime factors of 6623.
37, 179
List the prime factors of 3037.
3